{"id":3585,"date":"2026-02-17T15:47:17","date_gmt":"2026-02-17T14:47:17","guid":{"rendered":"https:\/\/dev.parabureau.com\/snc\/?page_id=3585"},"modified":"2026-02-17T15:47:17","modified_gmt":"2026-02-17T14:47:17","slug":"donacije","status":"publish","type":"page","link":"https:\/\/dev.parabureau.com\/snc\/donacije\/","title":{"rendered":"Donacije"},"content":{"rendered":"<p>Pozivamo \u010dlanove Dru\u0161tva i donatore, fizi\u010dke i pravne osobe u Republici Hrvatskoj i inozemstvu, da svojim prilozima podr\u017ee rad Srpske narodne \u010ditaonice i knji\u017enice u Vrepcu, kao i da podr\u017ee namjensko prikupljanje sredstava za Projekte koje Dru\u0161tvo provodi.<\/p>\n<p>Donacije mo\u017eete uplatiti na \u017eiro-ra\u010dun Dru\u0161tva koji se vodi kod Privredne banke Zagreb:<\/p>\n<p>IBAN ra\u010duna:<br \/>\n<strong>HR37 2340 0091 1108 7819 2<\/strong><\/p>\n<p>sa svrhom uplate:<\/p>\n<ul>\n<li>Za rad Dru\u0161tva, ili<\/li>\n<li>Za odre\u0111enu namjenu \/ projekt<\/li>\n<\/ul>\n","protected":false},"excerpt":{"rendered":"<p>Pozivamo \u010dlanove Dru\u0161tva i donatore, fizi\u010dke i pravne osobe u Republici Hrvatskoj i inozemstvu, da svojim prilozima podr\u017ee rad Srpske narodne \u010ditaonice i knji\u017enice u Vrepcu, kao i da podr\u017ee &#8230;<\/p>\n","protected":false},"author":2,"featured_media":0,"parent":0,"menu_order":0,"comment_status":"closed","ping_status":"closed","template":"","meta":{"_acf_changed":false,"inline_featured_image":false,"footnotes":""},"class_list":["post-3585","page","type-page","status-publish","hentry"],"acf":[],"_links":{"self":[{"href":"https:\/\/dev.parabureau.com\/snc\/wp-json\/wp\/v2\/pages\/3585","targetHints":{"allow":["GET"]}}],"collection":[{"href":"https:\/\/dev.parabureau.com\/snc\/wp-json\/wp\/v2\/pages"}],"about":[{"href":"https:\/\/dev.parabureau.com\/snc\/wp-json\/wp\/v2\/types\/page"}],"author":[{"embeddable":true,"href":"https:\/\/dev.parabureau.com\/snc\/wp-json\/wp\/v2\/users\/2"}],"replies":[{"embeddable":true,"href":"https:\/\/dev.parabureau.com\/snc\/wp-json\/wp\/v2\/comments?post=3585"}],"version-history":[{"count":1,"href":"https:\/\/dev.parabureau.com\/snc\/wp-json\/wp\/v2\/pages\/3585\/revisions"}],"predecessor-version":[{"id":3586,"href":"https:\/\/dev.parabureau.com\/snc\/wp-json\/wp\/v2\/pages\/3585\/revisions\/3586"}],"wp:attachment":[{"href":"https:\/\/dev.parabureau.com\/snc\/wp-json\/wp\/v2\/media?parent=3585"}],"curies":[{"name":"wp","href":"https:\/\/api.w.org\/{rel}","templated":true}]}}